{"id":14,"date":"2017-06-27T12:03:58","date_gmt":"2017-06-27T10:03:58","guid":{"rendered":"http:\/\/www.marionemney.at\/html\/?page_id=14"},"modified":"2024-06-07T12:11:14","modified_gmt":"2024-06-07T10:11:14","slug":"leistungen","status":"publish","type":"page","link":"http:\/\/www.marionemney.at\/html\/leistungen\/","title":{"rendered":"Leistungen"},"content":{"rendered":"\n<div class=\"wp-block-columns is-layout-flex wp-container-core-columns-is-layout-9d6595d7 wp-block-columns-is-layout-flex\">\n<div class=\"wp-block-column is-layout-flow wp-block-column-is-layout-flow\">\n<div class=\"wp-block-media-text is-stacked-on-mobile\" style=\"grid-template-columns:15% auto\"><figure class=\"wp-block-media-text__media\"><img loading=\"lazy\" decoding=\"async\" width=\"50\" height=\"50\" src=\"http:\/\/www.marionemney.at\/html\/wp-content\/uploads\/2017\/07\/icons8-Physical-Therapy-50.png\" alt=\"\" class=\"wp-image-79 size-full\"\/><\/figure><div class=\"wp-block-media-text__content\">\n<h2 class=\"wp-block-heading has-text-align-center\">Physiotherapie<\/h2>\n<\/div><\/div>\n\n\n\n<p class=\"has-text-align-center\">Ziel der Physiotherapie ist es, Funktionsst\u00f6rungen des Bewegungssystems zu&nbsp; vermeiden, nat\u00fcrliche Bewegungsabl\u00e4ufe wiederherzustellen und zu erhalten, Schmerzfreiheit zu erzielen, Lebensqualit\u00e4t zu erh\u00f6hen.<\/p>\n<\/div>\n\n\n\n<div class=\"wp-block-column is-layout-flow wp-block-column-is-layout-flow\">\n<div class=\"wp-block-media-text is-stacked-on-mobile\" style=\"grid-template-columns:15% auto\"><figure class=\"wp-block-media-text__media\"><img loading=\"lazy\" decoding=\"async\" width=\"50\" height=\"50\" src=\"http:\/\/www.marionemney.at\/html\/wp-content\/uploads\/2017\/07\/icons8-Massage-501.png\" alt=\"\" class=\"wp-image-76 size-full\"\/><\/figure><div class=\"wp-block-media-text__content\">\n<h2 class=\"wp-block-heading has-text-align-center\">Manuelle Lymphdrainage<\/h2>\n<\/div><\/div>\n\n\n\n<p class=\"has-text-align-center\">Manuelle Lymphdrainage ist eine Sonderform der Massage. Sie wirkt entw\u00e4ssernd , Tonus regulierend , Schmerz lindernd , entspannend u. unterst\u00fctzt das Immunsystem.<\/p>\n<\/div>\n\n\n\n<div class=\"wp-block-column is-layout-flow wp-block-column-is-layout-flow\">\n<div class=\"wp-block-media-text is-stacked-on-mobile\" style=\"grid-template-columns:15% auto\"><figure class=\"wp-block-media-text__media\"><img loading=\"lazy\" decoding=\"async\" width=\"50\" height=\"50\" src=\"http:\/\/www.marionemney.at\/html\/wp-content\/uploads\/2017\/07\/icons8-Therapy-50.png\" alt=\"\" class=\"wp-image-74 size-full\"\/><\/figure><div class=\"wp-block-media-text__content\">\n<h2 class=\"wp-block-heading has-text-align-center\">Cranio Sacrale Therapie<\/h2>\n<\/div><\/div>\n\n\n\n<p class=\"has-text-align-center\">Hier handelt es sich um eine spezielle, komplement\u00e4re Therapieform f\u00fcr Regenerations \u2013 u. Reorganisationsprozesse des Fasziensystems.<\/p>\n<\/div>\n<\/div>\n\n\n\n<hr class=\"wp-block-separator has-alpha-channel-opacity is-style-wide\"\/>\n\n\n\n<div style=\"height:67px\" aria-hidden=\"true\" class=\"wp-block-spacer\"><\/div>\n\n\n\n<div class=\"wp-block-columns is-layout-flex wp-container-core-columns-is-layout-9d6595d7 wp-block-columns-is-layout-flex\">\n<div class=\"wp-block-column is-layout-flow wp-block-column-is-layout-flow\" style=\"flex-basis:66.66%\">\n<div class=\"wp-block-media-text is-stacked-on-mobile is-vertically-aligned-center\" style=\"grid-template-columns:15% auto\"><figure class=\"wp-block-media-text__media\"><img loading=\"lazy\" decoding=\"async\" width=\"50\" height=\"50\" src=\"http:\/\/www.marionemney.at\/html\/wp-content\/uploads\/2017\/07\/icons8-Physical-Therapy-50.png\" alt=\"\" class=\"wp-image-79 size-full\"\/><\/figure><div class=\"wp-block-media-text__content\">\n<h1 class=\"wp-block-heading has-text-align-left\">Physiotherapie<\/h1>\n<\/div><\/div>\n<\/div>\n\n\n\n<div class=\"wp-block-column is-layout-flow wp-block-column-is-layout-flow\" style=\"flex-basis:33.33%\"><\/div>\n<\/div>\n\n\n\n<h4 class=\"wp-block-heading has-text-align-left\">Ziel der Physiotherapie ist es, Funktionsst\u00f6rungen des Bewegungssystems zu&nbsp; vermeiden, nat\u00fcrliche Bewegungsabl\u00e4ufe wiederherzustellen und zu erhalten, Schmerzfreiheit zu erzielen und Lebensqualit\u00e4t zu erh\u00f6hen.<\/h4>\n\n\n\n<p>Zu Beginn steht ein Aufnahmegespr\u00e4ch und ein genauer Befund. Daraus ergibt sich ein f\u00fcr Sie individuell gestalteter Therapieplan.<\/p>\n\n\n\n<p>Die Behandlung ist sowohl aktiv, als auch passiv.<\/p>\n\n\n\n<div class=\"wp-block-columns is-layout-flex wp-container-core-columns-is-layout-9d6595d7 wp-block-columns-is-layout-flex\">\n<div class=\"wp-block-column is-layout-flow wp-block-column-is-layout-flow\" style=\"flex-basis:66.66%\">\n<h2 class=\"wp-block-heading\">Indikation<\/h2>\n\n\n\n<h4 class=\"wp-block-heading\">Orthop\u00e4die<\/h4>\n\n\n\n<ul class=\"wp-block-list\">\n<li><strong>Schwerpunkt Schulterbehandlung:<\/strong> z.B.: <em>frozen shoulder<\/em>, adh\u00e4sive Capsulitis, Insertionstendopathie, Gelenksinstabilit\u00e4t<\/li>\n\n\n\n<li><strong>Gezielte Behandlung von Gelenksbeschwerden<\/strong>: z.B. Epicondylitis , Coxarthrose<\/li>\n\n\n\n<li><strong>K\u00fcnstlicher Gelenkersatz<\/strong>: z.B. H\u00fcft TEP, Knie TEP<\/li>\n\n\n\n<li><strong>Degenerative Ver\u00e4nderungen der Wirbels\u00e4ule<\/strong>: z.B. Bandscheibenprolaps, Lumbalgie, Ischialgie, Spondylosisthese<\/li>\n\n\n\n<li><strong>Cervikalsyndrom<\/strong>: z.B. Migr\u00e4ne, Schwindel, Brachialgie<\/li>\n\n\n\n<li><strong>Skoliose<\/strong><\/li>\n\n\n\n<li><strong>Haltungssch\u00e4den<\/strong><\/li>\n<\/ul>\n\n\n\n<h4 class=\"wp-block-heading\">Traumatologie<\/h4>\n\n\n\n<ul class=\"wp-block-list\">\n<li>Postoperative <strong>Rehabilitation<\/strong><\/li>\n\n\n\n<li>Sanfte Mobilisation u. Schmerzbehandlung nach Frakturen, Luxationen, Sehnen- und Bandverletzungen<\/li>\n<\/ul>\n\n\n\n<h4 class=\"wp-block-heading\">Gyn\u00e4kologie<\/h4>\n\n\n\n<ul class=\"wp-block-list\">\n<li>Beckenbodengymnastik<\/li>\n\n\n\n<li>Inkontinenz<\/li>\n<\/ul>\n\n\n\n<h4 class=\"wp-block-heading\">Schmerzbehandlung<br>Tinnitus<br>R\u00fcckenschule<br>Pr\u00e4vention<\/h4>\n<\/div>\n\n\n\n<div class=\"wp-block-column is-layout-flow wp-block-column-is-layout-flow\" style=\"flex-basis:33.33%\">\n<figure class=\"wp-block-image size-large\"><img loading=\"lazy\" decoding=\"async\" width=\"1024\" height=\"680\" src=\"http:\/\/www.marionemney.at\/html\/wp-content\/uploads\/2017\/07\/DSC_0933-2-3-1024x680.jpg\" alt=\"\" class=\"wp-image-52\" srcset=\"http:\/\/www.marionemney.at\/html\/wp-content\/uploads\/2017\/07\/DSC_0933-2-3-1024x680.jpg 1024w, http:\/\/www.marionemney.at\/html\/wp-content\/uploads\/2017\/07\/DSC_0933-2-3-300x199.jpg 300w, http:\/\/www.marionemney.at\/html\/wp-content\/uploads\/2017\/07\/DSC_0933-2-3-768x510.jpg 768w, http:\/\/www.marionemney.at\/html\/wp-content\/uploads\/2017\/07\/DSC_0933-2-3-640x425.jpg 640w, http:\/\/www.marionemney.at\/html\/wp-content\/uploads\/2017\/07\/DSC_0933-2-3-320x213.jpg 320w\" sizes=\"auto, (max-width: 1024px) 100vw, 1024px\" \/><\/figure>\n\n\n\n<figure class=\"wp-block-image size-large\"><img loading=\"lazy\" decoding=\"async\" width=\"1024\" height=\"680\" src=\"http:\/\/www.marionemney.at\/html\/wp-content\/uploads\/2017\/07\/Emney_handgriffe_passiv_1-1024x680.jpg\" alt=\"\" class=\"wp-image-226\" srcset=\"http:\/\/www.marionemney.at\/html\/wp-content\/uploads\/2017\/07\/Emney_handgriffe_passiv_1-1024x680.jpg 1024w, http:\/\/www.marionemney.at\/html\/wp-content\/uploads\/2017\/07\/Emney_handgriffe_passiv_1-300x199.jpg 300w, http:\/\/www.marionemney.at\/html\/wp-content\/uploads\/2017\/07\/Emney_handgriffe_passiv_1-768x510.jpg 768w, http:\/\/www.marionemney.at\/html\/wp-content\/uploads\/2017\/07\/Emney_handgriffe_passiv_1-640x425.jpg 640w, http:\/\/www.marionemney.at\/html\/wp-content\/uploads\/2017\/07\/Emney_handgriffe_passiv_1-320x213.jpg 320w, http:\/\/www.marionemney.at\/html\/wp-content\/uploads\/2017\/07\/Emney_handgriffe_passiv_1.jpg 1800w\" sizes=\"auto, (max-width: 1024px) 100vw, 1024px\" \/><\/figure>\n<\/div>\n<\/div>\n\n\n\n<div class=\"wp-block-columns is-layout-flex wp-container-core-columns-is-layout-9d6595d7 wp-block-columns-is-layout-flex\">\n<div class=\"wp-block-column is-layout-flow wp-block-column-is-layout-flow\" style=\"flex-basis:66.66%\">\n<h2 class=\"wp-block-heading\">Angewandte Techniken<\/h2>\n\n\n\n<ul class=\"wp-block-list\">\n<li>Manuelle Medizin<\/li>\n\n\n\n<li>Myofaszial Release<\/li>\n\n\n\n<li>AORT: authomathische, osteopathische Repositionstechnik \/<\/li>\n\n\n\n<li>Triggerpunktbehandlung<\/li>\n\n\n\n<li>Strain and Counterstrain<\/li>\n\n\n\n<li>Muscle Energy Techniques<\/li>\n\n\n\n<li>Osteopathische, spinale Mobilisation<\/li>\n\n\n\n<li>Listening Techniques<\/li>\n\n\n\n<li>Viszerale Mobilisation nach J.P. Barall<\/li>\n\n\n\n<li>Manuelle Mobilisation der Gelenke \u2013 neuer osteopathischer Ansatz nach J.P. Barall<\/li>\n<\/ul>\n<\/div>\n\n\n\n<div class=\"wp-block-column is-layout-flow wp-block-column-is-layout-flow\" style=\"flex-basis:33.33%\">\n<figure class=\"wp-block-image size-large\"><img loading=\"lazy\" decoding=\"async\" width=\"1024\" height=\"680\" src=\"http:\/\/www.marionemney.at\/html\/wp-content\/uploads\/2017\/07\/DSC_0229-2-3-1024x680.jpg\" alt=\"\" class=\"wp-image-101\" srcset=\"http:\/\/www.marionemney.at\/html\/wp-content\/uploads\/2017\/07\/DSC_0229-2-3-1024x680.jpg 1024w, http:\/\/www.marionemney.at\/html\/wp-content\/uploads\/2017\/07\/DSC_0229-2-3-300x199.jpg 300w, http:\/\/www.marionemney.at\/html\/wp-content\/uploads\/2017\/07\/DSC_0229-2-3-768x510.jpg 768w, http:\/\/www.marionemney.at\/html\/wp-content\/uploads\/2017\/07\/DSC_0229-2-3-640x425.jpg 640w, http:\/\/www.marionemney.at\/html\/wp-content\/uploads\/2017\/07\/DSC_0229-2-3-320x213.jpg 320w\" sizes=\"auto, (max-width: 1024px) 100vw, 1024px\" \/><\/figure>\n<\/div>\n<\/div>\n\n\n\n<div style=\"height:69px\" aria-hidden=\"true\" class=\"wp-block-spacer\"><\/div>\n\n\n\n<div class=\"wp-block-columns is-layout-flex wp-container-core-columns-is-layout-9d6595d7 wp-block-columns-is-layout-flex\">\n<div class=\"wp-block-column is-layout-flow wp-block-column-is-layout-flow\" style=\"flex-basis:66.66%\">\n<div class=\"wp-block-media-text is-stacked-on-mobile\" style=\"grid-template-columns:15% auto\"><figure class=\"wp-block-media-text__media\"><img loading=\"lazy\" decoding=\"async\" width=\"50\" height=\"50\" src=\"http:\/\/www.marionemney.at\/html\/wp-content\/uploads\/2017\/07\/icons8-Massage-501.png\" alt=\"\" class=\"wp-image-76 size-full\"\/><\/figure><div class=\"wp-block-media-text__content\">\n<h1 class=\"wp-block-heading has-text-align-left\">Manuelle Lymphdrainage<\/h1>\n<\/div><\/div>\n<\/div>\n\n\n\n<div class=\"wp-block-column is-layout-flow wp-block-column-is-layout-flow\" style=\"flex-basis:33.33%\"><\/div>\n<\/div>\n\n\n\n<p><strong>nach Dr. Vodder<\/strong><\/p>\n\n\n\n<div class=\"wp-block-columns is-layout-flex wp-container-core-columns-is-layout-9d6595d7 wp-block-columns-is-layout-flex\">\n<div class=\"wp-block-column is-layout-flow wp-block-column-is-layout-flow\" style=\"flex-basis:66.66%\">\n<p>Manuelle Lymphdrainage ist eine Sonderform der Massage. Sie wirkt entw\u00e4ssernd, Tonus regulierend, Schmerz lindernd, entspannend und unterst\u00fctzt das Immunsystem. In bestimmten F\u00e4llen ist die Versorgung mit einem Kompressionsverband sinnvoll.<\/p>\n\n\n\n<h3 class=\"wp-block-heading\">Indikation<\/h3>\n\n\n\n<h4 class=\"wp-block-heading\">\u00d6dembehandlung<\/h4>\n\n\n\n<ul class=\"wp-block-list\">\n<li><strong>postoperativ<\/strong>: z.B. Mamma Ca<\/li>\n\n\n\n<li><strong>posttraumatisch<\/strong>: z.B. H\u00e4matom, Luxation<\/li>\n<\/ul>\n<\/div>\n\n\n\n<div class=\"wp-block-column is-layout-flow wp-block-column-is-layout-flow\" style=\"flex-basis:33.33%\">\n<figure class=\"wp-block-image size-large\"><img loading=\"lazy\" decoding=\"async\" width=\"1024\" height=\"680\" src=\"http:\/\/www.marionemney.at\/html\/wp-content\/uploads\/2017\/07\/DSC_0046-1024x680.jpg\" alt=\"Manuelle Lymphdrainage\" class=\"wp-image-41\" srcset=\"http:\/\/www.marionemney.at\/html\/wp-content\/uploads\/2017\/07\/DSC_0046-1024x680.jpg 1024w, http:\/\/www.marionemney.at\/html\/wp-content\/uploads\/2017\/07\/DSC_0046-300x199.jpg 300w, http:\/\/www.marionemney.at\/html\/wp-content\/uploads\/2017\/07\/DSC_0046-768x510.jpg 768w, http:\/\/www.marionemney.at\/html\/wp-content\/uploads\/2017\/07\/DSC_0046-640x425.jpg 640w, http:\/\/www.marionemney.at\/html\/wp-content\/uploads\/2017\/07\/DSC_0046-320x213.jpg 320w\" sizes=\"auto, (max-width: 1024px) 100vw, 1024px\" \/><figcaption class=\"wp-element-caption\">Manuelle Lymphdrainage<\/figcaption><\/figure>\n<\/div>\n<\/div>\n\n\n\n<div style=\"height:71px\" aria-hidden=\"true\" class=\"wp-block-spacer\"><\/div>\n\n\n\n<div class=\"wp-block-columns is-layout-flex wp-container-core-columns-is-layout-9d6595d7 wp-block-columns-is-layout-flex\">\n<div class=\"wp-block-column is-layout-flow wp-block-column-is-layout-flow\" style=\"flex-basis:66.66%\">\n<div class=\"wp-block-media-text is-stacked-on-mobile\" style=\"grid-template-columns:15% auto\"><figure class=\"wp-block-media-text__media\"><img loading=\"lazy\" decoding=\"async\" width=\"50\" height=\"50\" src=\"http:\/\/www.marionemney.at\/html\/wp-content\/uploads\/2017\/07\/icons8-Therapy-50.png\" alt=\"\" class=\"wp-image-74 size-full\"\/><\/figure><div class=\"wp-block-media-text__content\">\n<h1 class=\"wp-block-heading has-text-align-left\">CranioSacrale Therapie<\/h1>\n<\/div><\/div>\n<\/div>\n\n\n\n<div class=\"wp-block-column is-layout-flow wp-block-column-is-layout-flow\" style=\"flex-basis:33.33%\"><\/div>\n<\/div>\n\n\n\n<div class=\"wp-block-columns is-layout-flex wp-container-core-columns-is-layout-9d6595d7 wp-block-columns-is-layout-flex\">\n<div class=\"wp-block-column is-layout-flow wp-block-column-is-layout-flow\" style=\"flex-basis:66.66%\">\n<p>Die CranioSacrale Therapie ist eine sanfte, manuelle Technik. Sie bewirkt einen Spannungsausgleich im CranioSacralen System, bestehend aus drei Hirnh\u00e4uten, dem Liquor cerebrospinalis, den Knochen des Sch\u00e4dels u. der Wirbels\u00e4ule. Die Verbindung zw. CSS u. den peripheren Anteilen des K\u00f6rpers bildet das Bindegewebe, besonders das Fasziensystem. Erh\u00f6hte Spannungen in einem dieser Systeme vermindert die Zirkulation von K\u00f6rperfl\u00fcssigkeit, den freien Fluss von Energie u. damit den lebenswichtigen lnformationsaustausch im Organismus.<br>Die vielen M\u00f6glichkeiten dieser Methode f\u00f6rdern Eigenwahrnehmung, den Kontakt zum inneren Wissen u. regen Selbstregulations \u2013 u. Selbstheilungsprozesse an.<\/p>\n\n\n\n<h3 class=\"wp-block-heading\">Indikation<\/h3>\n\n\n\n<ul class=\"wp-block-list\">\n<li>Migr\u00e4ne u. Kopfschmerz<\/li>\n\n\n\n<li>Chronische Nacken u. R\u00fcckenschmerzen<\/li>\n\n\n\n<li>Stress \u2013 u. spannungsbedingte St\u00f6rungen<\/li>\n\n\n\n<li>Emotionale Problematiken<\/li>\n\n\n\n<li>Koordinative St\u00f6rungen<\/li>\n\n\n\n<li>Traumata von Gehirn u. R\u00fcckenmark<\/li>\n\n\n\n<li>Chronische \u00dcberm\u00fcdung<\/li>\n\n\n\n<li>Lernschwierigkeiten<\/li>\n\n\n\n<li>Psychosomatische St\u00f6rungen<\/li>\n\n\n\n<li>Rehabilitation<\/li>\n\n\n\n<li>Gesundheitsvorsorge<\/li>\n<\/ul>\n<\/div>\n\n\n\n<div class=\"wp-block-column is-layout-flow wp-block-column-is-layout-flow\" style=\"flex-basis:33.33%\">\n<figure class=\"wp-block-image size-large\"><img loading=\"lazy\" decoding=\"async\" width=\"1024\" height=\"792\" src=\"http:\/\/www.marionemney.at\/html\/wp-content\/uploads\/2017\/07\/DSC_1047-2-1024x792.jpg\" alt=\"\" class=\"wp-image-39\" srcset=\"http:\/\/www.marionemney.at\/html\/wp-content\/uploads\/2017\/07\/DSC_1047-2-1024x792.jpg 1024w, http:\/\/www.marionemney.at\/html\/wp-content\/uploads\/2017\/07\/DSC_1047-2-300x232.jpg 300w, http:\/\/www.marionemney.at\/html\/wp-content\/uploads\/2017\/07\/DSC_1047-2-768x594.jpg 768w, http:\/\/www.marionemney.at\/html\/wp-content\/uploads\/2017\/07\/DSC_1047-2-640x495.jpg 640w, http:\/\/www.marionemney.at\/html\/wp-content\/uploads\/2017\/07\/DSC_1047-2-320x247.jpg 320w\" sizes=\"auto, (max-width: 1024px) 100vw, 1024px\" \/><\/figure>\n<\/div>\n<\/div>\n","protected":false},"excerpt":{"rendered":"<p>Physiotherapie Ziel der Physiotherapie ist es, Funktionsst\u00f6rungen des Bewegungssystems zu&nbsp; vermeiden, nat\u00fcrliche Bewegungsabl\u00e4ufe wiederherzustellen und zu erhalten, Schmerzfreiheit zu erzielen, Lebensqualit\u00e4t zu erh\u00f6hen. Manuelle Lymphdrainage Manuelle Lymphdrainage ist eine Sonderform der Massage. Sie wirkt entw\u00e4ssernd , Tonus regulierend , Schmerz lindernd , entspannend u. unterst\u00fctzt das Immunsystem. Cranio Sacrale Therapie Hier handelt es sich um [&hellip;]<\/p>\n","protected":false},"author":1,"featured_media":0,"parent":0,"menu_order":0,"comment_status":"closed","ping_status":"closed","template":"","meta":{"footnotes":""},"class_list":["post-14","page","type-page","status-publish","hentry","entry"],"yoast_head":"<!-- This site is optimized with the Yoast SEO plugin v27.3 - https:\/\/yoast.com\/product\/yoast-seo-wordpress\/ -->\n<title>Leistungen - Marion Emney<\/title>\n<meta name=\"robots\" content=\"index, follow, max-snippet:-1, max-image-preview:large, max-video-preview:-1\" \/>\n<link rel=\"canonical\" href=\"http:\/\/www.marionemney.at\/html\/leistungen\/\" \/>\n<meta property=\"og:locale\" content=\"de_DE\" \/>\n<meta property=\"og:type\" content=\"article\" \/>\n<meta property=\"og:title\" content=\"Leistungen - Marion Emney\" \/>\n<meta property=\"og:description\" content=\"Physiotherapie Ziel der Physiotherapie ist es, Funktionsst\u00f6rungen des Bewegungssystems zu&nbsp; vermeiden, nat\u00fcrliche Bewegungsabl\u00e4ufe wiederherzustellen und zu erhalten, Schmerzfreiheit zu erzielen, Lebensqualit\u00e4t zu erh\u00f6hen. Manuelle Lymphdrainage Manuelle Lymphdrainage ist eine Sonderform der Massage. Sie wirkt entw\u00e4ssernd , Tonus regulierend , Schmerz lindernd , entspannend u. unterst\u00fctzt das Immunsystem. Cranio Sacrale Therapie Hier handelt es sich um [&hellip;]\" \/>\n<meta property=\"og:url\" content=\"http:\/\/www.marionemney.at\/html\/leistungen\/\" \/>\n<meta property=\"og:site_name\" content=\"Marion Emney\" \/>\n<meta property=\"article:modified_time\" content=\"2024-06-07T10:11:14+00:00\" \/>\n<meta property=\"og:image\" content=\"http:\/\/www.marionemney.at\/html\/wp-content\/uploads\/2017\/07\/icons8-Physical-Therapy-50.png\" \/>\n<meta name=\"twitter:card\" content=\"summary_large_image\" \/>\n<meta name=\"twitter:label1\" content=\"Gesch\u00e4tzte Lesezeit\" \/>\n\t<meta name=\"twitter:data1\" content=\"5\u00a0Minuten\" \/>\n<script type=\"application\/ld+json\" class=\"yoast-schema-graph\">{\"@context\":\"https:\\\/\\\/schema.org\",\"@graph\":[{\"@type\":\"WebPage\",\"@id\":\"http:\\\/\\\/www.marionemney.at\\\/html\\\/leistungen\\\/\",\"url\":\"http:\\\/\\\/www.marionemney.at\\\/html\\\/leistungen\\\/\",\"name\":\"Leistungen - Marion Emney\",\"isPartOf\":{\"@id\":\"http:\\\/\\\/www.marionemney.at\\\/html\\\/#website\"},\"primaryImageOfPage\":{\"@id\":\"http:\\\/\\\/www.marionemney.at\\\/html\\\/leistungen\\\/#primaryimage\"},\"image\":{\"@id\":\"http:\\\/\\\/www.marionemney.at\\\/html\\\/leistungen\\\/#primaryimage\"},\"thumbnailUrl\":\"http:\\\/\\\/www.marionemney.at\\\/html\\\/wp-content\\\/uploads\\\/2017\\\/07\\\/icons8-Physical-Therapy-50.png\",\"datePublished\":\"2017-06-27T10:03:58+00:00\",\"dateModified\":\"2024-06-07T10:11:14+00:00\",\"breadcrumb\":{\"@id\":\"http:\\\/\\\/www.marionemney.at\\\/html\\\/leistungen\\\/#breadcrumb\"},\"inLanguage\":\"de\",\"potentialAction\":[{\"@type\":\"ReadAction\",\"target\":[\"http:\\\/\\\/www.marionemney.at\\\/html\\\/leistungen\\\/\"]}]},{\"@type\":\"ImageObject\",\"inLanguage\":\"de\",\"@id\":\"http:\\\/\\\/www.marionemney.at\\\/html\\\/leistungen\\\/#primaryimage\",\"url\":\"http:\\\/\\\/www.marionemney.at\\\/html\\\/wp-content\\\/uploads\\\/2017\\\/07\\\/icons8-Physical-Therapy-50.png\",\"contentUrl\":\"http:\\\/\\\/www.marionemney.at\\\/html\\\/wp-content\\\/uploads\\\/2017\\\/07\\\/icons8-Physical-Therapy-50.png\",\"width\":50,\"height\":50},{\"@type\":\"BreadcrumbList\",\"@id\":\"http:\\\/\\\/www.marionemney.at\\\/html\\\/leistungen\\\/#breadcrumb\",\"itemListElement\":[{\"@type\":\"ListItem\",\"position\":1,\"name\":\"Startseite\",\"item\":\"http:\\\/\\\/www.marionemney.at\\\/html\\\/\"},{\"@type\":\"ListItem\",\"position\":2,\"name\":\"Leistungen\"}]},{\"@type\":\"WebSite\",\"@id\":\"http:\\\/\\\/www.marionemney.at\\\/html\\\/#website\",\"url\":\"http:\\\/\\\/www.marionemney.at\\\/html\\\/\",\"name\":\"Marion Emney\",\"description\":\"Physio\",\"potentialAction\":[{\"@type\":\"SearchAction\",\"target\":{\"@type\":\"EntryPoint\",\"urlTemplate\":\"http:\\\/\\\/www.marionemney.at\\\/html\\\/?s={search_term_string}\"},\"query-input\":{\"@type\":\"PropertyValueSpecification\",\"valueRequired\":true,\"valueName\":\"search_term_string\"}}],\"inLanguage\":\"de\"}]}<\/script>\n<!-- \/ Yoast SEO plugin. -->","yoast_head_json":{"title":"Leistungen - Marion Emney","robots":{"index":"index","follow":"follow","max-snippet":"max-snippet:-1","max-image-preview":"max-image-preview:large","max-video-preview":"max-video-preview:-1"},"canonical":"http:\/\/www.marionemney.at\/html\/leistungen\/","og_locale":"de_DE","og_type":"article","og_title":"Leistungen - Marion Emney","og_description":"Physiotherapie Ziel der Physiotherapie ist es, Funktionsst\u00f6rungen des Bewegungssystems zu&nbsp; vermeiden, nat\u00fcrliche Bewegungsabl\u00e4ufe wiederherzustellen und zu erhalten, Schmerzfreiheit zu erzielen, Lebensqualit\u00e4t zu erh\u00f6hen. Manuelle Lymphdrainage Manuelle Lymphdrainage ist eine Sonderform der Massage. Sie wirkt entw\u00e4ssernd , Tonus regulierend , Schmerz lindernd , entspannend u. unterst\u00fctzt das Immunsystem. Cranio Sacrale Therapie Hier handelt es sich um [&hellip;]","og_url":"http:\/\/www.marionemney.at\/html\/leistungen\/","og_site_name":"Marion Emney","article_modified_time":"2024-06-07T10:11:14+00:00","og_image":[{"url":"http:\/\/www.marionemney.at\/html\/wp-content\/uploads\/2017\/07\/icons8-Physical-Therapy-50.png","type":"","width":"","height":""}],"twitter_card":"summary_large_image","twitter_misc":{"Gesch\u00e4tzte Lesezeit":"5\u00a0Minuten"},"schema":{"@context":"https:\/\/schema.org","@graph":[{"@type":"WebPage","@id":"http:\/\/www.marionemney.at\/html\/leistungen\/","url":"http:\/\/www.marionemney.at\/html\/leistungen\/","name":"Leistungen - Marion Emney","isPartOf":{"@id":"http:\/\/www.marionemney.at\/html\/#website"},"primaryImageOfPage":{"@id":"http:\/\/www.marionemney.at\/html\/leistungen\/#primaryimage"},"image":{"@id":"http:\/\/www.marionemney.at\/html\/leistungen\/#primaryimage"},"thumbnailUrl":"http:\/\/www.marionemney.at\/html\/wp-content\/uploads\/2017\/07\/icons8-Physical-Therapy-50.png","datePublished":"2017-06-27T10:03:58+00:00","dateModified":"2024-06-07T10:11:14+00:00","breadcrumb":{"@id":"http:\/\/www.marionemney.at\/html\/leistungen\/#breadcrumb"},"inLanguage":"de","potentialAction":[{"@type":"ReadAction","target":["http:\/\/www.marionemney.at\/html\/leistungen\/"]}]},{"@type":"ImageObject","inLanguage":"de","@id":"http:\/\/www.marionemney.at\/html\/leistungen\/#primaryimage","url":"http:\/\/www.marionemney.at\/html\/wp-content\/uploads\/2017\/07\/icons8-Physical-Therapy-50.png","contentUrl":"http:\/\/www.marionemney.at\/html\/wp-content\/uploads\/2017\/07\/icons8-Physical-Therapy-50.png","width":50,"height":50},{"@type":"BreadcrumbList","@id":"http:\/\/www.marionemney.at\/html\/leistungen\/#breadcrumb","itemListElement":[{"@type":"ListItem","position":1,"name":"Startseite","item":"http:\/\/www.marionemney.at\/html\/"},{"@type":"ListItem","position":2,"name":"Leistungen"}]},{"@type":"WebSite","@id":"http:\/\/www.marionemney.at\/html\/#website","url":"http:\/\/www.marionemney.at\/html\/","name":"Marion Emney","description":"Physio","potentialAction":[{"@type":"SearchAction","target":{"@type":"EntryPoint","urlTemplate":"http:\/\/www.marionemney.at\/html\/?s={search_term_string}"},"query-input":{"@type":"PropertyValueSpecification","valueRequired":true,"valueName":"search_term_string"}}],"inLanguage":"de"}]}},"_links":{"self":[{"href":"http:\/\/www.marionemney.at\/html\/wp-json\/wp\/v2\/pages\/14","targetHints":{"allow":["GET"]}}],"collection":[{"href":"http:\/\/www.marionemney.at\/html\/wp-json\/wp\/v2\/pages"}],"about":[{"href":"http:\/\/www.marionemney.at\/html\/wp-json\/wp\/v2\/types\/page"}],"author":[{"embeddable":true,"href":"http:\/\/www.marionemney.at\/html\/wp-json\/wp\/v2\/users\/1"}],"replies":[{"embeddable":true,"href":"http:\/\/www.marionemney.at\/html\/wp-json\/wp\/v2\/comments?post=14"}],"version-history":[{"count":13,"href":"http:\/\/www.marionemney.at\/html\/wp-json\/wp\/v2\/pages\/14\/revisions"}],"predecessor-version":[{"id":350,"href":"http:\/\/www.marionemney.at\/html\/wp-json\/wp\/v2\/pages\/14\/revisions\/350"}],"wp:attachment":[{"href":"http:\/\/www.marionemney.at\/html\/wp-json\/wp\/v2\/media?parent=14"}],"curies":[{"name":"wp","href":"https:\/\/api.w.org\/{rel}","templated":true}]}}